6?
33
In base 6, what is 1 - -11031?
11032
In base 8, what is 0 + -1111?
-1111
In base 11, what is 4 + -183?
-17a
In base 12, what is -b5 - 9?
-102
In base 2, what is -110011101 + 10?
-110011011
In base 5, what is 240 + 113?
403
In base 5, what is 2 + 4?
11
In base 8, what is -21 - -367?
346
In base 7, what is 1 + -21?
-20
In base 5, what is -32 + -10430?
-11012
In base 3, what is -1010 - 2212?
-10222
In base 12, what is 2 - -8?
a
In base 8, what is -3 + 10263?
10260
In base 14, what is 2 - 11d?
-11b
In base 5, what is 42 + -240?
-143
In base 9, what is -368 - 8?
-377
In base 15, what is -11 + c?
-4
In base 3, what is 0 + -10112?
-10112
In base 9, what is 75725 - 5?
75720
In base 3, what is -10112 + -11012?
-21201
In base 6, what is 31 + -55?
-24
In base 14, what is -27 + 8?
-1d
In base 4, what is -1 - 10210?
-10211
In base 2, what is -1010 + -11101?
-100111
In base 13, what is -89 + 0?
-89
In base 6, what is -3524 - 4?
-3532
In base 10, what is -10 - -318?
308
In base 13, what is 3 - -522?
525
In base 14, what is 20cd + -3?
20ca
In base 16, what is 4 - 6?
-2
In base 3, what is 10 + -222?
-212
In base 3, what is 11 + 2222?
10010
In base 7, what is -15542 - 3?
-15545
In base 13, what is -2 + -38?
-3a
In base 15, what is -24c + -2?
-24e
In base 13, what is 796 - 5?
791
In base 12, what is -1 + 74?
73
In base 13, what is 1 + -2a?
-29
In base 2, what is 10001 + 1?
10010
In base 4, what is 111 - 2032?
-1321
In base 14, what is c + 8?
16
In base 11, what is -5748 - -1?
-5747
In base 9, what is -311 - 10?
-321
In base 12, what is 4 - -339?
341
In base 3, what is 12 + 2020?
2102
In base 2, what is 100 + -1111?
-1011
In base 16, what is -a - -f?
5
In base 13, what is 30 - -5?
35
In base 12, what is -a6 + 2?
-a4
In base 13, what is -5 + 19?
14
In base 14, what is -5 - 12b?
-132
In base 9, what is 2 - 53?
-51
In base 14, what is 4a - -8?
54
In base 11, what is 1522 + -1?
1521
In base 5, what is 30 + -232?
-202
In base 11, what is -1 + -1411?
-1412
In base 12, what is 192 - 82?
110
In base 13, what is -55 + 4?
-51
In base 4, what is -1 + 1030?
1023
In base 16, what is c - -b?
17
In base 2, what is -100000010111 + -100?
-100000011011
In base 8, what is -1 + 1365?
1364
In base 8, what is -227 - 13?
-242
In base 4, what is -31022 - 3?
-31031
In base 8, what is -201 - -16?
-163
In base 5, what is -1313121 - 4?
-1313130
In base 12, what is -3 + -45?
-48
In base 6, what is 1501 - -2?
1503
In base 3, what is 11 - -21?
102
In base 2, what is 101010 - 0?
101010
In base 8, what is 34 + 104?
140
In base 13, what is c1 + 3?
c4
In base 14, what is -5 - 1c9?
-1d0
In base 4, what is -200000 - -1?
-133333
In base 6, what is -300 - -43?
-213
In base 7, what is 3 + -166?
-163
In base 11, what is -25 + 15?
-10
In base 12, what is -865 - -4?
-861
In base 2, what is 11110010 + -1?
11110001
In base 9, what is -1 - -3681?
3680
In base 7, what is -12 + 4?
-5
In base 5, what is -121 - 10?
-131
In base 16, what is 360 - -3?
363
In base 4, what is 3 + 33021?
33030
In base 7, what is 23 + -604?
-551
In base 7, what is 50 + -136?
-56
In base 7, what is 111125 + -5?
111120
In base 10, what is 2985 + 0?
2985
In base 14, what is -8 - -86?
7c
In base 14, what is 5 + -9d5?
-9d0
In base 13, what is -121 - -b?
-113
In base 16, what is -170 + 4?
-16c
In base 13, what is -3 - 221?
-224
In base 3, what is 2 + 1100?
1102
In base 6, what is 1 - -1320?
1321
In base 8, what is 13 - -4?
17
In base 14, what is -1 - 81?
-82
In base 9, what is 21 - -5?
26
In base 3, what is -1001212 - -11?
-1001201
In base 11, what is -4 + 865?
861
In base 11, what is -7 + -981?
-988
In base 13, what is -3 + -161?
-164
In base 15, what is -4 + -102?
-106
In base 4, what is 2 - 12030?
-12022
In base 6, what is -1153 - 0?
-1153
In base 9, what is 3 + -3177?
-3174
In base 14, what is -3 + -12b6?
-12b9
In base 5, what is -1324 + -2?
-1331
In base 16, what is -53 + dc?
89
In base 4, what is -102 + -1?
-103
In base 6, what is 2412 + -12?
2400
In base 4, what is 3 + 322?
331
In base 13, what is 102 + -32?
a0
In base 13, what is -111 + 4?
-10a
In base 6, what is -123 - -4?
-115
In base 10, what is 5 + -58?
-53
In base 11, what is -10 - -a?
-1
In base 14, what is -405 + -4?
-409
In base 9, what is -75 + -10?
-85
In base 4, what is 30000 - -20?
30020
In base 3, what is -10201 - 0?
-10201
In base 2, what is -1011 - 1100110100?
-1100111111
In base 3, what is -110 + -210?
-1020
In base 10, what is 19 + 34?
53
In base 2, what is -11001100 - -101?
-11000111
In base 9, what is -12 - -407?
385
In base 8, what is 173 + -135?
36
In base 6, what is 0 - 2031?
-2031
In base 13, what is -1 + -1042?
-1043
In base 6, what is 4024 - -5?
4033
In base 2, what is -101 + -1111100?
-10000001
In base 14, what is -2 + b19?
b17
In base 6, what is -10232 + 15?
-10213
In base 5, what is 1 - 4?
-3
In base 11, what is -4 - 4a?
-53
In base 7, what is -1263 + 4?
-1256
In base 8, what is -5 - 727?
-734
In base 10, what is 5 + -1817?
-1812
In base 12, what is -77 + 0?
-77
In base 11, what is 13 + -50?
-38
In base 16, what is -4 + 3b4?
3b0
In base 12, what is 2 + 146?
148
In base 10, what is 133 - -5?
138
In base 4, what is -311 - -200?
-111
In base 12, what is 17 - 14?
3
In base 5, what is -411 - 2?
-413
In base 11, what is -14a + -5?
-154
In base 12, what is 1 + b83?
b84
In base 5, what is -4 - -20?
11
In base 5, what is 4022 + 10?
4032
In base 2, what is -1000 - 11011011?
-11100011
In base 8, what is 41 + 11?
52
In base 3, what is 10 - 2122?
-2112
In base 7, what is -103 + -105?
-211
In base 13, what is -10 - b?
-1b
In base 10, what is 5 + 1669?
1674
In base 11, what is 3 - 161?
-159
In base 4, what is 10 - -1031?
1101
In base 13, what is -40 - 10?
-50
In base 10, what is 2 - 1776?
-1774
In base 4, what is 3 + -113101?
-113032
In base 9, what is 204 - -5?
210
In base 13, what is 12 - 17?
-5
In base 7, what is 1 - 10042?
-10041
In base 3, what is -121 - -2?
-112
In base 2, what is -10000000 - -10001?
-1101111
In base 11, what is -9 + -7?
-15
In base 9, what is 1 - -6?
7
In base 2, what is 11 - -100011111110?
100100000001
In base 16, what is 302 + -6?
2fc
In base 2, what is -1001101 - -100?
-1001001
In base 14, what is 1 + -9b?
-9a
In base 12, what is 2 + -27a2?
-27a0
In base 12, what is -20a9 + -3?
-20b0
In base 13, what is 292c + 0?
292c
In base 3, what is 10 + 21?
101
In base 12, what is -91 + -2?
-93
In base 12, what is -4 + 518?
514
In base 8, what is -105 + -5?
-112
In base 7, what is 30 - -14?
44
In base 10, what is -2989 + -1?
-2990
In base 11, what is -5 + -1778?
-1782
In base 8, what is 420 + -5?
413
In base 8, what is 26 + 103?
131
In base 13, what is 9 + 22b?
237
In base 14, what is 7 - 184?
-17b
In base 8, what is 0 - 15?
-15
In base 10, what is 3 + -1056?
-1053
In base 12, what is 0 + 2311?
2311
In base 9, what is -708 + 2?
-706
In base 15, what is -29 - b?
-35
In base 2, what is 101000010010 + 11?
101000010101
In base 7, what is -5 + -61?
-66
In base 6, what is 24 - 20?
4
In base 15, what is 7 - 66a?
-663
In base 7, what is 0 + 2443?
2443
In base 13, what is 138 - 57?
b1
In base 16, what is -8a7 + -b?
-8b2
In base 6, what is -5 + -1303?
-1312
In base 9, what is 3270 - 6?
3263
In base 14, what is 54d - -1?
550
In base 11, what is 30 - -a?
3a
In base 9, what is 45 + -3?
42
In base 15, what is b3 + b4?
177
In base 9, what is -1 - -1112?
1111
In base 16, what is -13f + 8?
-137
In base 11, what is 4 - -89?
92
In base 9, what is -20372 + -4?
-20376
In base 14, what is -2 - 61?
-63
In base 8, what is -2 + 2144?
2142
In base 6, what is -1341 - 10?
-1351
In base 4, what is -2 + 201?
133
In base 10, what is 15 - 841?
-826
In base 8, what is 1 + -622?
-621
In base 3, what is 111020 + -2?
111011
In base 5, what is 313414 + 0?
313414
In base 12, what is -592 - 0?
-592
In base 15, what is -82 - d?
-90
In base 3, what is -110212 + 0?
-110212
In base 14, what is 41 - -c8?
129
In base 10, what is 4 - 130?
-126
In base 2, what is 10001 + 1111100?
10001101
In base 2, what is 0 - 11000?
-11000
In base 8, what is 22 + -165?
-143
In base 15, what is 1130 - 5?
112a
In base 4, what is -132333 - -1?
-132332
In base 4, what is 2 - -2231?
2233
In base 7, what is -412 + -2?
-414
In base 8, what is 1 + 16444?
16445
In base 7, what is -5 - 34?
-42
In base 3, what is -1